 -2*n + 32. Let f be 13/(-2)*(-10 - -8). Let i be r(f). Let c be g(i). What is the greatest common divisor of 8 and c?
8
Suppose 0 = 5*w - 15, -2*c + 3*c + 5*w = 21. What is the greatest common divisor of 168 and c?
6
Let r(c) = 32*c - 241. Let p be r(8). What is the greatest common divisor of p and 195?
15
Let u(s) = -s**3 - 13*s**2 - s + 16. Let c be u(-13). Let k = 53 - c. Calculate the highest common factor of k and 120.
24
Suppose -l - 5*k + 3 - 2 = 0, 5*l + 3*k - 5 = 0. Suppose 4*i = -3*a + 3, 2*a + 3*i - l = -0*a. What is the highest common factor of a and 45?
5
Suppose -5*p + 18 = -92. Let u be ((-17)/(-2) - 0) + 2/(-4). Suppose 5*x + u*x = 286. Calculate the highest common divisor of p and x.
22
Suppose 2*l - 4*k = 172, -3*k - 77 = 4*l - 366. Calculate the highest common factor of l and 16.
4
Let b(a) = -5*a**3 - 6*a**2 - 2*a + 4. Let f = 103 - 105. Let m be b(f). What is the highest common divisor of m and 96?
24
Let c(x) = x**2 + 18*x - 10. Let g be c(-19). Calculate the greatest common factor of 108 and g.
9
Suppose 0 = -4*y - b - 2*b + 33, 5*b - 3 = 2*y. Suppose -y*f = -f - 80. Calculate the greatest common divisor of f and 64.
16
Suppose 0 = -7*r + 53 + 3. Calculate the greatest common divisor of 88 and r.
8
Suppose -48 = -2*g - 0*g - s, 0 = -4*g + 3*s + 76. Let i = -3 - -47. Calculate the highest common factor of i and g.
22
Let k(l) = 15 + 51*l**2 - 24*l**2 - 26*l**2 + 7*l. Let v be k(-6). Let u be ((-10)/(-3))/(v/27). Calculate the highest common factor of 2 and u.
2
Suppose -3*m - 18 = -d, 4*d - 2 = 2*m - 4*m. Suppose 36 = a + d*a. What is the greatest common factor of 99 and a?
9
Suppose -51 + 267 = 3*n. Calculate the greatest common factor of n and 24.
24
Let n be (-2)/(-1) + (9 - 8). Let w be (7/n)/(5/15). What is the highest common factor of w and 14?
7
Suppose 0 = -8*r - 48. Let y be -7 - -5 - r*(1 - -1). What is the greatest common divisor of y and 1?
1
Let s be (-1)/(-1) - (3 - -9). Let x be s/(-1*((-82)/28 + 3)). What is the highest common factor of 14 and x?
14
Suppose 12*i - 142 = 62. What is the highest common divisor of i and 289?
17
Suppose 4*m - 84 = -5*p, 9*m - 100 = -4*p + 14*m. What is the highest common factor of p and 8?
4
Let f(a) = a + 7. Let m be f(5). Let w = 203 - 107. Suppose -2*i = -0*i - w. Calculate the highest common divisor of i and m.
12
Suppose 0 = n - 2, 14*n - 13*n + 25 = 3*p. Let k(u) = 2*u**3 - 7*u**2 + 5*u - 1. Let m be k(5). Calculate the highest common divisor of p and m.
9
Let x be 82/123 + (-2542)/(-3). Calculate the highest common divisor of x and 16.
16
Suppose 2*v + 3*v = -10. Suppose 44 = -4*x - 5*b, 0*x - 5*b + 33 = -3*x. Let o be (-300)/(-44) + v/x. What is the greatest common divisor of 21 and o?
7
Let t = -305 + 309. What is the highest common factor of t and 4?
4
Suppose -10*z + 9*z + 319 = 5*b, -3*z + b + 877 = 0. Calculate the highest common factor of z and 42.
42
Suppose 0*f = g - 5*f + 102, -3*f = 4*g + 431. Let o = 151 + g. Calculate the highest common factor of o and 352.
44
Suppose -13*z - 664 = -15*z. Calculate the highest common factor of z and 83.
83
Suppose 3*p - 8 = 328. Suppose 0 = 6*s - 3*s + 111. Let v = -21 - s. What is the highest common divisor of p and v?
16
Let x(n) be the second derivative of 0 - 1/6*n**3 - 2*n + 0*n**2. Let i be x(-8). What is the greatest common factor of 12 and i?
4
Let v = 195 - 150. What is the highest common divisor of 15 and v?
15
Suppose 10*o - 41 + 1 = 0. Let a = -68 + 98. Suppose a = -2*n + o*n. What is the greatest common factor of 3 and n?
3
Let n(q) = q. Let a be n(-8). Let w(j) = -j**3 - 7*j**2 + 8*j + 12. Let k be w(a). What is the greatest common factor of 4 and k?
4
Suppose -2*c = 3*b + 10 - 0, -4*c - 12 = 2*b. Let d be 0*b/10 + 6. Suppose -q + 3*q = 96. Calculate the highest common factor of d and q.
6
Let t(q) = -q**2 + 16*q + 5. Let d be t(7). What is the greatest common divisor of 187 and d?
17
Let q = 796 - 17. Calculate the highest common factor of q and 19.
19
Suppose -30 + 10 = -2*z. What is the greatest common factor of z and 55?
5
Let w(i) = -i + 2. Let y be w(-21). Let l(f) = -23*f**3. Let b be l(-1). Calculate the highest common factor of b and y.
23
Suppose 4*f + 175 - 263 = 0. Let y = -1 + 12. What is the highest common factor of f and y?
11
Suppose 2*a + 0*a = 90. Let x(p) = -3*p**3 + p**2 - 1. Let r be x(-1). Suppose r = -c + 21. Calculate the highest common factor of c and a.
9
Suppose -288 = -11*g + 20. What is the greatest common factor of 20 and g?
4
Suppose -3*y - 19*z + 21*z = -550, -4*y - 2*z = -738. What is the highest common factor of y and 115?
23
Suppose -4*q = -j - 96, -3*q + 4*j - 24 = -4*q. Let s be 6/q - (-2)/(-8). Suppose s = -6*p + 3*p + 84. Calculate the greatest common factor of p and 70.
14
Let j(y) = y - 9. Let w be j(13). Suppose -w*v + 9*v = -25. Let m be v/30 - (-127)/6. What is the highest common divisor of 14 and m?
7
Let d be (119 - 3 - 3) + 4. Calculate the greatest common divisor of d and 9.
9
Suppose 8*b - 228 - 156 = 0. Calculate the greatest common divisor of b and 120.
24
Suppose 4*x - 2360 = 5*r, r - 4 = -8. What is the greatest common factor of x and 180?
45
Let n(a) = -8*a - 110. Let x be n(-18). Let r be 17/(0 - 2/(-20)). What is the highest common factor of x and r?
34
Let d be 10/35 - 318/(-14). What is the highest common factor of d and 23?
23
Let m = 33 + -19. Suppose -m - 68 = -y - 5*w, -280 = -4*y + 4*w. Let n be -1*(-10 + 0 - -2). What is the greatest common divisor of y and n?
8
Let s be 6/(-2) + (1 - 4). Let o = s + 13. Let m = o + -5. Calculate the greatest common divisor of m and 16.
2
Suppose 3*b - 2 + 0 = 2*s, 18 = 4*b + 5*s. Suppose -b*g - 2*x + 78 = 0, 2 = -2*x + 4. What is the greatest common divisor of 95 and g?
19
Let u = 893 - 836. Calculate the greatest common factor of u and 95.
19
Suppose 0 = -5*o - q + 605, q + 0*q + 493 = 4*o. Let m = o - -53. What is the highest common divisor of m and 25?
25
Let h = 3522 + -2390. Let a = 1665 - h. Suppose -5*o + a = 83. What is the greatest common divisor of o and 10?
10
Let s be -4*(25/(-4) + 1). Let u be (-36)/s*7/(-2). Suppose -d + u*d - 5 = 0. Calculate the greatest common factor of 2 and d.
1
Let f be (-1)/(6988/(-3492) - -2). Let g = -302 + f. Suppose 5*t - s - g = 55, 3*t - 398 = -5*s. What is the highest common factor of 14 and t?
14
Let u = 276 - 139. Suppose -5*h = -63 - u. Calculate the highest common divisor of h and 440.
40
Let q be (2/6)/(4/(-36)). Let t be (-165)/(-105) + q/(-7). What is the greatest common factor of t and 18?
2
Let u = 136 + -117. Calculate the highest common factor of u and 19.
19
Let o be 1*(-2 - -6) - 3. Suppose -5*c - 5 = 0, -5*b + 13 = -0*b + 2*c. What is the greatest common factor of b and o?
1
Let v be 2/(-17) - 416/(-68). Suppose 0 = 3*x - 3 - 0. Let z(f) = 5*f**2 + 2*f - 1. Let b be z(x). What is the highest common divisor of v and b?
6
Let m = -1602 + 1697. Calculate the highest common factor of 209 and m.
19
Suppose 168 = -5*o + 2*n, -o + 107 = -4*o - 5*n. Let l = o + 76. What is the highest common divisor of 6 and l?
6
Suppose -3 = d, 3*z - 99 = -0*z + 3*d. What is the greatest common divisor of z and 12?
6
Let v be (-1600)/(-38) + (-16)/152. Suppose -2*b = -0 - v. Calculate the greatest common factor of 84 and b.
21
Suppose 5*n - 2 = 8. Suppose 0 = -n*d + 32 - 0. Let t be 3/(6/(-16)*-2). Calculate the greatest common divisor of t and d.
4
Let u be 6*(30/4)/(-5). Let d = u - 24. Let s be d/(-2)*(-20)/(-15). Calculate the greatest common factor of s and 11.
11
Suppose 2 = f + s + 4, 0 = -f + 4*s + 23. Suppose 5*m - 12 = 2*m. Suppose -66 = -m*r - 3*c, -3*c = -r - r + 24. What is the highest common factor of r and f?
3
Suppose -5*l = -8*l + 39. Calculate the highest common factor of 65 and l.
13
Let k = 28 - -47. Calculate the greatest common factor of k and 105.
15
Suppose 4 = l, h - l = 2*h - 24. Let i = -23 + 5. Let z = i + 198. What is the highest common divisor of h and z?
20
Suppose 0*n - 3*n - o = -30, -3*n - 2*o + 33 = 0. Suppose 17 = 3*j - 5*h, j + 4 - n = h. Calculate the greatest common divisor of j and 10.
2
Let z = 10 - 32. Let w be z/(-1) + (7 - 5). Calculate the highest common divisor of 8 and w.
8
Let y = -25 + 26. Let d(f) = -18*f + 3. Let w be d(y)